{"id":373,"date":"2023-01-05T11:36:14","date_gmt":"2023-01-05T10:36:14","guid":{"rendered":"http:\/\/chevaletprovence.fr\/?page_id=373"},"modified":"2024-01-26T12:35:37","modified_gmt":"2024-01-26T11:35:37","slug":"les-cours","status":"publish","type":"page","link":"https:\/\/chevaletprovence.fr\/index.php\/les-cours\/","title":{"rendered":"LES COURS"},"content":{"rendered":"\n<p>Notre club vous accueille tout au long de l&rsquo;ann\u00e9e pour d\u00e9couvrir l&rsquo;\u00e9quitation ou \u00e9voluer dans ce sport qui vous passionne. <\/p>\n\n\n\n<p>Nos cours ont lieu durant l&rsquo;ann\u00e9e scolaire, notre calendrier se base sur celui de la Zone B. Durant les vacances, nous proposons des cours particuliers ainsi que des stages. <\/p>\n\n\n\n<p><\/p>\n\n\n\n<figure class=\"wp-block-image size-large\"><img fetchpriority=\"high\" decoding=\"async\" width=\"1024\" height=\"683\" src=\"http:\/\/chevaletprovence.fr\/wp-content\/uploads\/2023\/01\/DSC8807-Exposure2-1024x683.jpg\" alt=\"\" class=\"wp-image-416\" srcset=\"https:\/\/chevaletprovence.fr\/wp-content\/uploads\/2023\/01\/DSC8807-Exposure2-1024x683.jpg 1024w, https:\/\/chevaletprovence.fr\/wp-content\/uploads\/2023\/01\/DSC8807-Exposure2-300x200.jpg 300w, https:\/\/chevaletprovence.fr\/wp-content\/uploads\/2023\/01\/DSC8807-Exposure2-768x512.jpg 768w, https:\/\/chevaletprovence.fr\/wp-content\/uploads\/2023\/01\/DSC8807-Exposure2-1536x1024.jpg 1536w, https:\/\/chevaletprovence.fr\/wp-content\/uploads\/2023\/01\/DSC8807-Exposure2-2048x1365.jpg 2048w, https:\/\/chevaletprovence.fr\/wp-content\/uploads\/2023\/01\/DSC8807-Exposure2-1140x760.jpg 1140w\" sizes=\"(max-width: 1024px) 100vw, 1024px\" \/><\/figure>\n\n\n\n<p><\/p>\n\n\n\n<h5 class=\"wp-block-heading has-text-align-center has-text-color\" style=\"color:#65402e\">&#8211; LES COURS COLLECTIFS &#8211;<\/h5>\n\n\n\n<p class=\"has-text-align-center\"><em>Nos cours collectifs ont lieu les mardis, mercredis, jeudis et samedis et durent une heure (hors des soins et de la pr\u00e9paration de la monture avant et apr\u00e8s le cours).<\/em><\/p>\n\n\n\n<p><\/p>\n\n\n\n<p class=\"has-text-color\" style=\"color:#65402e\">\u2022 Forfait 1 cours \/ semaine (32 cours \/ an)\u2022<\/p>\n\n\n\n<p>La premi\u00e8re formule propos\u00e9e est <strong>un forfait \u00e0 l&rsquo;ann\u00e9e \u00e0 87\u20ac par mois<\/strong>, sur dix mensualit\u00e9s de septembre \u00e0 juin. <\/p>\n\n\n\n<p><\/p>\n\n\n<div class=\"wp-block-image\">\n<figure class=\"aligncenter size-full is-resized\"><img decoding=\"async\" width=\"1020\" height=\"736\" src=\"http:\/\/chevaletprovence.fr\/wp-content\/uploads\/2023\/01\/Capture-decran-2023-01-05-a-12.11.51.png\" alt=\"\" class=\"wp-image-407\" style=\"width:83px;height:60px\" srcset=\"https:\/\/chevaletprovence.fr\/wp-content\/uploads\/2023\/01\/Capture-decran-2023-01-05-a-12.11.51.png 1020w, https:\/\/chevaletprovence.fr\/wp-content\/uploads\/2023\/01\/Capture-decran-2023-01-05-a-12.11.51-300x216.png 300w, https:\/\/chevaletprovence.fr\/wp-content\/uploads\/2023\/01\/Capture-decran-2023-01-05-a-12.11.51-768x554.png 768w\" sizes=\"(max-width: 1020px) 100vw, 1020px\" \/><\/figure>\n<\/div>\n\n\n<p><\/p>\n\n\n\n<p class=\"has-text-color\" style=\"color:#65402e\">\u2022 Forfait 2 cours \/ semaine (64 cours \/ an)\u2022<\/p>\n\n\n\n<p>Devis sur demande.  <\/p>\n\n\n\n<p><\/p>\n\n\n<div class=\"wp-block-image\">\n<figure class=\"aligncenter size-full is-resized\"><img decoding=\"async\" width=\"1020\" height=\"736\" src=\"http:\/\/chevaletprovence.fr\/wp-content\/uploads\/2023\/01\/Capture-decran-2023-01-05-a-12.11.51.png\" alt=\"\" class=\"wp-image-407\" style=\"width:83px;height:60px\" srcset=\"https:\/\/chevaletprovence.fr\/wp-content\/uploads\/2023\/01\/Capture-decran-2023-01-05-a-12.11.51.png 1020w, https:\/\/chevaletprovence.fr\/wp-content\/uploads\/2023\/01\/Capture-decran-2023-01-05-a-12.11.51-300x216.png 300w, https:\/\/chevaletprovence.fr\/wp-content\/uploads\/2023\/01\/Capture-decran-2023-01-05-a-12.11.51-768x554.png 768w\" sizes=\"(max-width: 1020px) 100vw, 1020px\" \/><\/figure>\n<\/div>\n\n\n<p><\/p>\n\n\n\n<p class=\"has-text-color\" style=\"color:#65402e\">\u2022 Forfait \u00ab\u00a0Famille\u00a0\u00bb 1 cours \/ semaine et par personne \u2022<\/p>\n\n\n\n<p>Ce troisi\u00e8me forfait s&rsquo;adresse aux membres d&rsquo;une m\u00eame famille (parents proches) ou membres d&rsquo;un m\u00eame foyer. Il permet de profiter d&rsquo;un tarif d\u00e9gressif en fonction du nombre de personnes inscrites.<br>Devis sur demande. <\/p>\n\n\n\n<p><\/p>\n\n\n\n<p><em>La premi\u00e8re mensualit\u00e9 est calcul\u00e9e au prorata des cours du mois lors d&rsquo;une souscription \u00e0 un forfait en cours d&rsquo;ann\u00e9e. <\/em><\/p>\n\n\n\n<p>Nous informons nos aimables cavaliers qu&rsquo;\u00e0 partir de septembre 2023, nos tarifs seront mis \u00e0 jour avec l&rsquo;ajout d&rsquo;une adh\u00e9sion au club. <\/p>\n\n\n\n<figure class=\"wp-block-image size-large\"><img decoding=\"async\" width=\"1024\" height=\"761\" src=\"http:\/\/chevaletprovence.fr\/wp-content\/uploads\/2023\/01\/DSC1164-Exposure2-1024x761.jpg\" alt=\"\" class=\"wp-image-440\" srcset=\"https:\/\/chevaletprovence.fr\/wp-content\/uploads\/2023\/01\/DSC1164-Exposure2-1024x761.jpg 1024w, https:\/\/chevaletprovence.fr\/wp-content\/uploads\/2023\/01\/DSC1164-Exposure2-300x223.jpg 300w, https:\/\/chevaletprovence.fr\/wp-content\/uploads\/2023\/01\/DSC1164-Exposure2-768x571.jpg 768w, https:\/\/chevaletprovence.fr\/wp-content\/uploads\/2023\/01\/DSC1164-Exposure2-1536x1142.jpg 1536w, https:\/\/chevaletprovence.fr\/wp-content\/uploads\/2023\/01\/DSC1164-Exposure2-2048x1522.jpg 2048w, https:\/\/chevaletprovence.fr\/wp-content\/uploads\/2023\/01\/DSC1164-Exposure2-1140x847.jpg 1140w\" sizes=\"(max-width: 1024px) 100vw, 1024px\" \/><\/figure>\n\n\n\n<p><\/p>\n\n\n\n<h5 class=\"wp-block-heading has-text-align-center has-text-color\" style=\"color:#65402e\">&#8211; LES COURS PARTICULIERS &#8211;<\/h5>\n\n\n\n<p class=\"has-text-align-center\"><em>Vous d\u00e9sirez passer un moment d&rsquo;\u00e9quitation privil\u00e9gi\u00e9<\/em> <em>en solo ou avec vos ami(e)s ? Cette formule est faite vous vous.<\/em><\/p>\n\n\n\n<p class=\"has-text-align-center\"><em>Nos cours particuliers durent une heure (hors des soins et de la pr\u00e9paration de la monture avant et apr\u00e8s le cours).<\/em><\/p>\n\n\n\n<p class=\"has-text-color\" style=\"color:#65402e\">\u2022 Offre sp\u00e9ciale pour nos licenci\u00e9s \u2022<\/p>\n\n\n\n<p>D\u00e9tail des tarifs sur demande. <\/p>\n\n\n\n<p><\/p>\n\n\n<div class=\"wp-block-image\">\n<figure class=\"aligncenter size-full is-resized\"><img decoding=\"async\" width=\"1020\" height=\"736\" src=\"http:\/\/chevaletprovence.fr\/wp-content\/uploads\/2023\/01\/Capture-decran-2023-01-05-a-12.11.51.png\" alt=\"\" class=\"wp-image-407\" style=\"width:83px;height:60px\" srcset=\"https:\/\/chevaletprovence.fr\/wp-content\/uploads\/2023\/01\/Capture-decran-2023-01-05-a-12.11.51.png 1020w, https:\/\/chevaletprovence.fr\/wp-content\/uploads\/2023\/01\/Capture-decran-2023-01-05-a-12.11.51-300x216.png 300w, https:\/\/chevaletprovence.fr\/wp-content\/uploads\/2023\/01\/Capture-decran-2023-01-05-a-12.11.51-768x554.png 768w\" sizes=\"(max-width: 1020px) 100vw, 1020px\" \/><\/figure>\n<\/div>\n\n\n<p><\/p>\n\n\n\n<p class=\"has-text-color\" style=\"color:#65402e\">\u2022 Tarifs de nos cours particuliers \u2022<\/p>\n\n\n\n<p>Les cavaliers ext\u00e9rieurs au club ont acc\u00e8s aux cours solo au prix de <strong>55\u20ac<\/strong><\/p>\n\n\n\n<p>Pour deux cavaliers, le tarif est de <strong>80\u20ac<\/strong> (soit 40\u20ac par personne)<\/p>\n\n\n\n<p>Pour trois cavaliers, le tarif est de <strong>105\u20ac <\/strong>(soit 35\u20ac par personne)<\/p>\n\n\n\n<p>Pour quatre cavalier, le tarif est de <strong>120\u20ac<\/strong> (soit 30\u20ac par personne)<\/p>\n","protected":false},"excerpt":{"rendered":"<p>Notre club vous accueille tout au long de l&rsquo;ann\u00e9e pour d\u00e9couvrir l&rsquo;\u00e9quitation ou \u00e9voluer dans ce sport qui vous passionne. Nos cours ont lieu durant l&rsquo;ann\u00e9e scolaire, notre calendrier se base sur celui de la Zone B. Durant les vacances, nous proposons des cours particuliers ainsi que des stages. &#8211; LES COURS COLLECTIFS &#8211; Nos cours collectifs ont lieu les mardis, mercredis, jeudis et samedis et durent une heure (hors des soins et de la pr\u00e9paration de la monture avant et apr\u00e8s le cours). \u2022 Forfait 1 cours \/ semaine (32 cours \/ an)\u2022 La premi\u00e8re formule propos\u00e9e est un forfait \u00e0 l&rsquo;ann\u00e9e \u00e0 87\u20ac par mois, sur dix mensualit\u00e9s de septembre \u00e0 juin. \u2022 Forfait 2 cours \/ semaine (64 cours \/ an)\u2022 Devis sur demande. \u2022 Forfait \u00ab\u00a0Famille\u00a0\u00bb 1 cours \/ semaine et par personne \u2022 Ce troisi\u00e8me forfait s&rsquo;adresse aux membres d&rsquo;une m\u00eame famille (parents proches) ou membres d&rsquo;un m\u00eame foyer. Il permet de profiter d&rsquo;un tarif d\u00e9gressif en fonction du nombre de personnes inscrites.Devis sur demande. La premi\u00e8re mensualit\u00e9 est calcul\u00e9e au prorata des cours du mois lors d&rsquo;une souscription \u00e0 un forfait en cours d&rsquo;ann\u00e9e. Nous informons nos aimables cavaliers qu&rsquo;\u00e0 partir de septembre 2023, nos tarifs seront mis \u00e0 jour avec l&rsquo;ajout d&rsquo;une adh\u00e9sion au club. &#8211; LES COURS PARTICULIERS &#8211; Vous d\u00e9sirez passer un moment d&rsquo;\u00e9quitation privil\u00e9gi\u00e9 en solo ou avec vos ami(e)s ? Cette formule est faite vous vous. Nos cours particuliers durent une heure (hors des soins et de la pr\u00e9paration de la monture avant et apr\u00e8s le cours). \u2022 Offre sp\u00e9ciale pour nos licenci\u00e9s \u2022 D\u00e9tail des tarifs sur demande. \u2022 Tarifs de nos cours particuliers \u2022 Les cavaliers ext\u00e9rieurs au club ont acc\u00e8s aux cours solo au prix de 55\u20ac Pour deux cavaliers, le tarif est de 80\u20ac (soit 40\u20ac par personne) Pour trois cavaliers, le tarif est de 105\u20ac (soit 35\u20ac par personne) Pour quatre cavalier, le tarif est de 120\u20ac (soit 30\u20ac par personne)<\/p>\n","protected":false},"author":1,"featured_media":0,"parent":0,"menu_order":0,"comment_status":"closed","ping_status":"closed","template":"","meta":{"footnotes":""},"class_list":["post-373","page","type-page","status-publish","hentry"],"_links":{"self":[{"href":"https:\/\/chevaletprovence.fr\/index.php\/wp-json\/wp\/v2\/pages\/373","targetHints":{"allow":["GET"]}}],"collection":[{"href":"https:\/\/chevaletprovence.fr\/index.php\/wp-json\/wp\/v2\/pages"}],"about":[{"href":"https:\/\/chevaletprovence.fr\/index.php\/wp-json\/wp\/v2\/types\/page"}],"author":[{"embeddable":true,"href":"https:\/\/chevaletprovence.fr\/index.php\/wp-json\/wp\/v2\/users\/1"}],"replies":[{"embeddable":true,"href":"https:\/\/chevaletprovence.fr\/index.php\/wp-json\/wp\/v2\/comments?post=373"}],"version-history":[{"count":19,"href":"https:\/\/chevaletprovence.fr\/index.php\/wp-json\/wp\/v2\/pages\/373\/revisions"}],"predecessor-version":[{"id":1604,"href":"https:\/\/chevaletprovence.fr\/index.php\/wp-json\/wp\/v2\/pages\/373\/revisions\/1604"}],"wp:attachment":[{"href":"https:\/\/chevaletprovence.fr\/index.php\/wp-json\/wp\/v2\/media?parent=373"}],"curies":[{"name":"wp","href":"https:\/\/api.w.org\/{rel}","templated":true}]}}